938415 a multiple of 17?
True
Is 7280496 a multiple of 432?
True
Is 155 a factor of 571288080?
False
Does 57 divide 317349495?
True
Does 289 divide 950735149?
True
Is 5530 a factor of 96039510?
True
Is 37 a factor of 3228102?
True
Is 216430874 a multiple of 42?
False
Does 3 divide 9125663?
False
Is 55 a factor of 2360853341?
False
Is 31 a factor of 6004642?
False
Is 21097665 a multiple of 15?
True
Is 10 a factor of 1100844634?
False
Is 25 a factor of 2286205461?
False
Is 106 a factor of 2528394150?
True
Is 7 a factor of 93894248?
True
Is 10 a factor of 273395650?
True
Is 22 a factor of 73171470?
False
Does 25 divide 3238714?
False
Is 1656 a factor of 863535785?
False
Is 3659462880 a multiple of 12437?
True
Is 199190482 a multiple of 126?
False
Does 4 divide 132006484?
True
Is 47155121 a multiple of 57?
False
Does 209 divide 48709958?
True
Does 2418 divide 23123069?
False
Does 35 divide 25435795?
True
Is 684009642 a multiple of 246?
True
Does 42 divide 17097750?
False
Is 107898306 a multiple of 21?
False
Does 338 divide 353440404?
False
Is 5 a factor of 540906215?
True
Is 12393280 a multiple of 10?
True
Is 27 a factor of 33158457?
True
Is 287 a factor of 196861921?
False
Does 2 divide 4677100?
True
Does 2 divide 5794887?
False
Is 138056221 a multiple of 121?
False
Is 34 a factor of 15071988?
False
Is 3 a factor of 62632340?
False
Is 385144206 a multiple of 43?
True
Does 73 divide 175752975?
True
Is 195 a factor of 23387130?
True
Does 100 divide 44622866?
False
Does 98 divide 459573545?
False
Is 2313661 a multiple of 38?
False
Is 4859159328 a multiple of 214?
True
Does 2513 divide 179242238?
True
Is 118559353 a multiple of 799?
False
Does 14 divide 4549522?
False
Is 80 a factor of 11865920?
True
Does 428 divide 625852462?
False
Is 42 a factor of 2074865604?
True
Is 651 a factor of 43127867?
False
Is 12711811 a multiple of 79?
True
Is 84404982 a multiple of 6?
True
Does 1001 divide 1142555686?
False
Is 395 a factor of 153522950?
False
Is 2021 a factor of 652287485?
False
Is 32 a factor of 42922048?
True
Is 304 a factor of 35489142?
False
Does 7 divide 53788234?
False
Is 13524270 a multiple of 1196?
False
Is 19 a factor of 1926668571?
True
Is 65 a factor of 150397325?
True
Does 23 divide 8998589?
True
Does 55 divide 37541150?
False
Is 23182833 a multiple of 423?
False
Does 2 divide 597306885?
False
Is 373 a factor of 830415122?
True
Is 30 a factor of 57113640?
True
Is 33297600 a multiple of 960?
True
Does 71 divide 40160562?
False
Is 323521340 a multiple of 104?
False
Is 4 a factor of 418695772?
True
Does 1446 divide 25143871?
False
Is 17148196 a multiple of 1730?
False
Is 4760863 a multiple of 212?
False
Is 290 a factor of 982633970?
True
Is 386309463 a multiple of 72?
False
Is 22677798 a multiple of 679?
False
Is 16198491 a multiple of 311?
False
Is 168395395 a multiple of 32?
False
Is 1428962646 a multiple of 15?
False
Is 43 a factor of 48306329?
True
Is 16 a factor of 139872435?
False
Does 85 divide 268906510?
True
Is 55932000 a multiple of 472?
True
Is 14 a factor of 39052479?
False
Is 15 a factor of 828496485?
True
Is 16 a factor of 9390013?
False
Does 3490 divide 88555260?
True
Is 46403923 a multiple of 1697?
False
Is 158351737 a multiple of 17?
False
Does 6 divide 14941778?
False
Does 41 divide 3878600?
True
Is 387 a factor of 157806181?
False
Is 30617636 a multiple of 4?
True
Is 134 a factor of 73808644?
False
Is 101595927 a multiple of 17?
True
Does 18 divide 44785747?
False
Is 2 a factor of 39381437?
False
Is 5003704 a multiple of 5?
False
Does 352 divide 924936426?
False
Is 1035 a factor of 5532947797?
False
Is 368495559 a multiple of 32?
False
Is 30205269 a multiple of 261?
True
Does 12 divide 32593236?
True
Is 48221173 a multiple of 13?
True
Is 60 a factor of 101039557?
False
Does 65 divide 25906790?
True
Is 9093373 a multiple of 7?
False
Is 10345692 a multiple of 203?
True
Does 4261 divide 1772568600?
False
Does 30 divide 378923538?
False
Does 1207 divide 698960423?
True
Does 6 divide 562984632?
True
Is 4 a factor of 6630579?
False
Does 75 divide 407249175?
True
Is 498736863 a multiple of 2240?
False
Is 50024317 even?
False
Is 30804395 a multiple of 5?
True
Is 26 a factor of 804221756?
True
Does 462 divide 977220090?
True
Does 169 divide 333441838?
False
Is 200236626 a multiple of 9?
True
Is 5 a factor of 77521887?
False
Is 11 a factor of 3512705?
False
Is 104966527 a multiple of 31?
True
Is 186357700 a multiple of 25?
True
Is 7 a factor of 241299535?
False
Does 69 divide 425107366?
False
Is 4 a factor of 269428331?
False
Is 19008174 a multiple of 180?
False
Does 1266 divide 4769796?
False
Is 933671200 a multiple of 400?
True
Is 41975404 a multiple of 51?
False
Is 1806196 a multiple of 7?
True
Is 82040504 a multiple of 119?
True
Is 6131 a factor of 408857997?
True
Is 97 a factor of 11546686?
True
Does 607 divide 46500449?
True
Is 177 a factor of 11050464?
True
Does 876 divide 1853878800?
True
Is 946 a factor of 208643858?
False
Is 724 a factor of 3909106232?
True
Is 71223936 a multiple of 130?
False
Is 1237 a factor of 508513430?
False
Is 3499 a factor of 73986355?
True
Is 197 a factor of 29962518?
True
Does 1190 divide 1085139165?
False
Is 333 a factor of 108231900?
False
Is 116499288 a multiple of 495?
False
Is 27517168 a multiple of 5404?
True
Does 9 divide 29610030?
False
Is 85 a factor of 112429840?
True
Is 180018865 a multiple of 812?
False
Does 7 divide 24084018?
True
Does 3202 divide 1471648806?
True
Does 5 divide 50007839?
False
Is 918 a factor of 40809657?
False
Does 289 divide 634213728?
False
Is 77421036 a multiple of 322?
True
Is 69 a factor of 203510187?
True
Is 1100 a factor of 44015950?
False
Does 140 divide 199704400?
True
Is 228621640 a multiple of 520?
True
Is 16694798 a multiple of 2642?
True
Is 16 a factor of 158774862?
False
Is 3189 a factor of 2921947495?
False
Is 1569392 a multiple of 44?
True
Is 203 a factor of 1151213?
True
Does 755 divide 217912069?
False
Does 162 divide 1086468054?
False
Is 117 a factor of 12685169?
False
Does 2978 divide 192209346?
False
Does 10 divide 2293170?
True
Does 38 divide 881590091?
False
Is 9637831 a multiple of 723?
False
Is 87 a factor of 4698000?
True
Does 3253 divide 704692957?
False
Does 44 divide 56281016?
True
Is 372388752 a multiple of 1917?
True
Is 46 a factor of 126631362?
False
Does 551 divide 64340270?
True
Is 3906487 a multiple of 564?
False
Is 43713190 a multiple of 17?
False
Does 635 divide 383453756?
False
Is 3866628 a multiple of 30?
False
Is 152120882 a multiple of 1346?
True
Is 14543113 a multiple of 247?
True
Is 197 a factor of 251343795?
False
Is 33986408 a multiple of 8?
True
Is 117 a factor of 31137444?
True
Does 174 divide 33846958?
False
Is 156 a factor of 66609316?
False
Is 390867081 a multiple of 11?
True
Is 53 a factor of 857826122?
False
Is 1933335 a multiple of 15?
True
Is 57258792 a multiple of 37?
False
Is 496128615 a multiple of 364?
False
Is 306432892 a multiple of 3709?
False
Is 362646867 a multiple of 35?
False
Is 10 a factor of 1285160?
True
Is 7 a factor of 504554855?
True
Is 220 a factor of 492040340?
True
Is 2 a factor of 333941863?
False
Does 69 divide 274666542?
False
Is 117604923 a multiple of 73?
False
Does 492 divide 55979760?
True
Is 456166835 a multiple of 19?
False
Does 88 divide 33215688?
True
Is 11499738 a multiple of 17?
False
Is 519 a factor of 19675077?
False
Is 56791005 a multiple of 350?
False
Is 72477215 a multiple of 34?
False
Is 2277 a factor of 89711155?
False
Is 40097486 a multiple of 2717?
True
Is 1736573124 a multiple of 467?
True
Is 33981127 a multiple of 265?
False
Does 743 divide 11211153?
False
Is 94 a factor of 284043082?
False
Does 3684 divide 548749703?
False
Does 1316 divide 65317505?
False
Is 10 a factor of 1350489?
False
Does 442 divide 1177939512?
False
Is 1992 a factor of 108581928?
True
Is 19 a factor of 1019133149?
False
Is 14614228 a multiple of 164?
False
Is 49983660 a multiple of 90?
True
Does 6386 divide 514934058?
False
Is 6712816 a multiple of 473?
True
Does 13 divide 9060882?
False
Does 207 divide 59293287?
True
Does 34 divide 77463458?
True
Is 556471809 a multiple of 11?
False
Does 430 divide 3844802?
False
Is 90 a factor of 69486030?
True
Is 45367000 a multiple of 7?
True
Is 6 a factor of 